tors of y(10)?
2, 7, 101
Let a = -159 + 410. What are the prime factors of a?
251
Suppose 2*l + m = -0*l + 1, -4*m = 2*l - 4. Suppose l = 4*y + 4 - 16. List the prime factors of 3 + y + -3 - -37.
2, 5
Suppose 4 = t - 1. Suppose t*g - 9*g = -32. Suppose 0 = -4*i + g*i - 16. What are the prime factors of i?
2
List the prime factors of 7/(-35)*-995*1.
199
Suppose 5*p = 27 + 13. Suppose -p*d = -7*d - 73. What are the prime factors of d?
73
Let h = 305 - -37. What are the prime factors of h?
2, 3, 19
Let a be 21*((-10)/(-6) - 2). Let u(h) = 8*h + 9. Let d(g) = g + 1. Let k(w) = 5*d(w) - u(w). List the prime factors of k(a).
17
Let q(c) = c**2 - 5*c - 3. Let a be q(6). Suppose 53 = -a*d + 4*d. Suppose d = -2*w + 3*w. What are the prime factors of w?
53
What are the prime factors of (-178100)/(-200) - (0 + (-3)/(-2))?
7, 127
Let g(k) = -50*k - 245. What are the prime factors of g(-10)?
3, 5, 17
Let d = -5 - -9. Let t = 24 + d. Suppose 5*a = 5*w + 55, -2*a + 4*w + t = -w. What are the prime factors of a?
3
Let x = -483 - -1146. What are the prime factors of x?
3, 13, 17
Let t be (-3 + (1 - -2))/2. Suppose 6*y - 225 + 33 = t. List the prime factors of y.
2
What are the prime factors of 9046/6 + (-1)/(-3) + 0?
2, 13, 29
Let j(p) = 2*p**3 - 6*p**2 - 10*p - 13. What are the prime factors of j(7)?
3, 103
Suppose -5*v + 31*m - 34*m + 3910 = 0, -v + 5*m + 810 = 0. List the prime factors of v.
5, 157
Suppose 4*o = -3*b - 14, -14 - 9 = 5*o + b. Let j be -18 + (-3 + o)/(-4). Let a = -9 - j. List the prime factors of a.
7
Suppose 4*g - 10 = -3*x - 1, -5*x = -2*g - 15. Suppose -2*i + x*z = -20, z - 44 = -4*i + 6*z. List the prime factors of i.
2
Let i = -68 - -34. Let z = i + 58. Let m = z + -1. List the prime factors of m.
23
Let u(k) = k**3 + 6*k**2 + 3*k + 4. Let c(x) = 3*x + 20. Let v be c(-8). Let y be u(v). List the prime factors of -2*(-4)/(y/9).
3
Let t(r) = r**3 - 13*r**2 + 8*r + 34. List the prime factors of t(14).
2, 3, 19
Let x(u) = u**3 + 12*u**2 - 10*u - 21. Let i = -13 - -2. List the prime factors of x(i).
2, 3, 5, 7
Suppose 0 = -4*h - 2*i + 2466, 18*i = -2*h + 22*i + 1238. List the prime factors of h.
617
Let w be (2 - -1) + (-18)/9. Suppose 2*x - 20 = -4*m, -3*x = -3*m - w - 2. Let n(c) = 2*c**2 - 5*c + 3. List the prime factors of n(m).
2, 3
Suppose -257 = 3*s + 733. Let x = s - -482. What are the prime factors of x?
2, 19
Let k(v) = -v**3 - 11*v**2 + 3*v - 8. Let t be k(-6). Let a be (-10)/(-50) - t/(-5). List the prime factors of (a/2)/((-6)/12).
41
Suppose -t - 4 = n, n - 3*t - 7 = 1. Let s be -8*-1*n/2. What are the prime factors of 2*(9/6 - s)?
11
Suppose -2*w + 20 = 2*w, 0 = 2*o - 4*w - 664. List the prime factors of o.
2, 3, 19
Suppose 289 + 331 = 2*s - 5*g, 0 = -4*s - 5*g + 1210. List the prime factors of s.
5, 61
Suppose -3*y - 269 = -5*y - 3*w, -y + 142 = 3*w. Let b = y - 115. What are the prime factors of b?
2, 3
Suppose -4*r = 4*g - 428, 321 = 3*r - 5*g + 4*g. List the prime factors of r.
107
Let y = -25 + 263. What are the prime factors of y?
2, 7, 17
Suppose 0 = q + 5*x - 175, 3*q - 499 = -3*x + x. Suppose -q = h + 4*h. Let j = -18 - h. List the prime factors of j.
3, 5
Suppose -4*f - 5*h + 277 = 0, -f + 0*h - 2*h = -73. Let p = 98 - f. What are the prime factors of p?
5, 7
Suppose 3*t - 709 = -5*a, -t - 4*t + 2*a + 1161 = 0. What are the prime factors of t?
233
Let q(n) = 5*n**2 - 5*n - 4. Let i(r) = -14*r**2 + 14*r + 11. Let h(m) = -4*i(m) - 11*q(m). What are the prime factors of h(8)?
2, 7
Let b(y) = -10*y - 24. Let s(k) = 10*k + 23. Suppose 2*w - 2 + 6 = 0. Let m(d) = w*b(d) - 3*s(d). What are the prime factors of m(-8)?
59
List the prime factors of (-85)/255 - (-290)/6.
2, 3
Suppose 0 = -4*w + 3*w - 34. Let c = w + 58. Suppose -5*z - 3*j + 73 = 0, j - c = 4*z - 79. List the prime factors of z.
2, 7
Let z(i) = 43*i**2 + 6*i - 9. Suppose -19 = -2*m - 5*t, 5*t - 10*t + 5 = -5*m. What are the prime factors of z(m)?
5, 7
Let y(r) = r**2 + r + 7. Let l be 1/(((-1)/(-15))/1). Let c be (-55)/l - 1/3. What are the prime factors of y(c)?
19
Suppose 0 = 5*l - 2*l - 42. Let s be ((-36)/l)/((-6)/28). What are the prime factors of (-22 + 1)*(9 - s)?
3, 7
Suppose 0 = -10*m + 15*m + 150. Let w = m - -63. List the prime factors of w.
3, 11
List the prime factors of 6/((-5)/((-1100)/15)).
2, 11
Let g = 87 - 61. Let n(b) = -g*b + 7*b**2 - b**3 - 6 + 26*b. What are the prime factors of n(6)?
2, 3, 5
Let k = 130 + 2120. List the prime factors of k.
2, 3, 5
Let g(t) = -9*t - 5. Let v(a) = a - 8. Let i be v(10). Let z be 2 - (i + 7) - -3. What are the prime factors of g(z)?
31
Let w = -704 + 1072. List the prime factors of w.
2, 23
What are the prime factors of (2/(-3))/2*(-1369 + 16)?
11, 41
Let r(c) = 2*c**2 - 21*c + 37. Let l be r(16). Suppose -5*b + 47 + l = 0. List the prime factors of b.
2, 13
Let w = 5716 + -1407. What are the prime factors of w?
31, 139
Let l = -2827 - -5212. What are the prime factors of l?
3, 5, 53
Suppose 0 = -12*n + 2534 + 5158. What are the prime factors of n?
641
Let h(g) = g**3 + 4*g**2 - 5*g + 6. Let c be h(-5). Let d = c + 0. Suppose 21 - d = p. What are the prime factors of p?
3, 5
Suppose -6 = -3*m + u, 4 = 5*m - 3*m + u. Suppose m*n + 3*s = 232, s - 232 = 3*n - 602. What are the prime factors of n?
2, 61
Let a(c) be the first derivative of -5*c**2/2 - 15*c + 11. List the prime factors of a(-8).
5
Suppose 7*s + 3700 = 12*s. What are the prime factors of s/(-6)*(-6)/4?
5, 37
Let c = -457 + 469. List the prime factors of c.
2, 3
Let m = 6 - 6. Suppose -15 = -m*c - 5*c. Suppose -40 = -l - c*l. List the prime factors of l.
2, 5
Let d(x) = 2*x + 20. Let n(c) = -3*c - 21. Let y(w) = -3*d(w) - 4*n(w). List the prime factors of y(7).
2, 3, 11
Let y(l) = l**3 - 3*l**2 + l - 2. Let p be y(-2). Let x = 161 + p. List the prime factors of x.
137
Let c(y) be the second derivative of 19*y**4/12 - y**3/6 - y**2/2 + 24*y. List the prime factors of c(1).
17
Suppose 3*t - 3*i - 95 - 4801 = 0, 0 = -3*t + i + 4888. What are the prime factors of t?
2, 11, 37
Suppose -2*a = 14*b - 9*b - 1072, 2*b - 426 = 2*a. List the prime factors of b.
2, 107
Let o be (-4 - 322/(-77)) + 2988/22. Let w = o + 124. What are the prime factors of w?
2, 5, 13
Let u(i) = -i**2 + 10*i - 6. Let w be ((-5)/1)/((-11)/(-176)). Let m be (w/30)/((-2)/6). List the prime factors of u(m).
2, 5
Suppose -3*d + 2415 = 5*b, 1610 = 2*d - 8*b + 4*b. What are the prime factors of d?
5, 7, 23
Suppose 17*c - 13523 - 30065 = 0. List the prime factors of c.
2, 641
Suppose -9955 + 29508 = 4*u - 5*s, -2*u = -4*s - 9784. What are the prime factors of u?
2, 2441
Suppose 2*h + 5*m = -2*h - 10, -2*h + 2*m = -4. Suppose r + 3*r - 20 = 0. Suppose h = 5*s - 3*k - 175, 2*k - 32 = -r*s + 118. What are the prime factors of s?
2
Let s = 26 - -379. What are the prime factors of s?
3, 5
Let v = -7 + 3. Let c(s) = s**3 + 3*s**2 - 2*s + 5. Let t be c(v). List the prime factors of 24 + -1*(t + 2).
5
Let t = -18 - -21. Let h be 0 + 3 + (t - 6). Suppose -m - 5 + 20 = h. List the prime factors of m.
3, 5
Let p be (-154)/(-21) + 1/(-3). Let o(t) = t**3 - 6*t**2 + 6. List the prime factors of o(p).
5, 11
Let c = 250 + 599. What are the prime factors of c/4 - 3/72*6?
2, 53
Let y be -10*(3/6)/(-1). Suppose -21 = -4*c - y. Suppose -8 = -8*x + c*x. List the prime factors of x.
2
Suppose 12312 = 283*z - 271*z. What are the prime factors of z?
2, 3, 19
Suppose -4*k = -3*j - 855, -3*k - 48 + 687 = -3*j. Suppose k = -27*v + 30*v. List the prime factors of v.
2, 3
Suppose -34*l + 30255 = -15577. List the prime factors of l.
2, 337
Suppose -40*z + 48*z - 2776 = 0. List the prime factors of z.
347
Let q be 3 + -5 + 2 + 0. Suppose 5*x = 5*f + 5, -5*f + f + 16 = q. Suppose -140 = -9*z + x*z. What are the prime factors of z?
5, 7
Let d(n) = 18*n + 23. Let y(t) = -t**3 + 6*t**2 - 5*t - 3. Let k be y(4). List the prime factors of d(k).
5, 37
Suppose 5*q - 310 = 3*y - 6*y, 0 = 5*q - y - 310. What are the prime factors of q?
2, 31
Let p(s) = 9*s**3 - 4*s**2 - 2. Let y(w) = w. Let n(i) = -p(i) + 4*y(i). Let u be n(-2). Suppose -t - t = -u. List the prime factors of t.
41
Let n be 27/(-4) - (-1)/(-4). Let z = 17 - 16. List the prime factors of (n/21)/(z/(-51)).
17
List the prime factors of (8 + 153/(-18))*-2248.
2, 